f) - 4*x(f). Suppose -3 - 2 = -5*h. What are the prime factors of w(h)?
2
Let z = -20 - -10. What are the prime factors of ((-12)/10)/(1/z)?
2, 3
Let x(b) = b**3 + 7*b**2 + 6*b - 2. Let y be x(-6). List the prime factors of 3 + 0*y/6.
3
Suppose -f + 2*m = -2*f - 8, -3*m - 6 = 0. Let p = f + 8. What are the prime factors of p?
2
Let i(l) = -l**2 - 5*l + 2. Let d be i(-5). Suppose d*h = -c + 1, -5*c - 4*h + 0*h = -35. List the prime factors of c.
11
Let d = -2 - -6. Suppose 0 = d*r + r - 5. Suppose -5*m = 3*v - r, 1 - 2 = -2*v - 3*m. What are the prime factors of v?
2
Let j(f) = 2*f**2 + 2*f - 4. Let d be j(3). What are the prime factors of d - ((-1 - -1) + 0)?
2, 5
Suppose -23 = -3*w - 4*x + 75, -x = 4. What are the prime factors of w?
2, 19
Let z be (-15)/(-10) - 1/(-2). What are the prime factors of ((-1)/(-1))/(z/22)?
11
Let t = 9 + -27. Let r = 23 + t. What are the prime factors of r?
5
Let i(u) = -u**2 + 6*u - 3. Let z be i(5). Suppose 0 = -c - z*c + 66. List the prime factors of c.
2, 11
Let w = 214 + -40. List the prime factors of w.
2, 3, 29
Let m be 4/(-18) + (-616)/(-18). Suppose 6 = 4*v - m. What are the prime factors of v?
2, 5
Let b(z) = -z**2 - 7*z - 6. List the prime factors of b(-4).
2, 3
Suppose 4*n + 8 = 2*n, 4*n + 14 = o. Suppose -3*h = -0 - 3. Let j = h - o. List the prime factors of j.
3
Let f be ((-4)/(-5))/((-1)/(-5)). Suppose -f*l + l - 21 = -3*t, 4*t = 3*l + 20. Let s = -5 - l. What are the prime factors of s?
3
Suppose -g + 330 = 4*g. List the prime factors of g.
2, 3, 11
Let b be 3/(-9)*-3 - -21. Suppose 0 = 5*c + 7 - b. Suppose c*d + 6 - 15 = 0. List the prime factors of d.
3
Let p(v) be the second derivative of v**6/360 + v**5/20 + 7*v**4/24 - v**3/6 + 2*v. Let c(y) be the second derivative of p(y). List the prime factors of c(-6).
7
What are the prime factors of (78/(-15))/((-4)/10)?
13
Let k(h) = -9*h - 43. List the prime factors of k(-5).
2
Let q(c) = 3*c + 4. Let n be q(6). Suppose 38 = 3*x - n. What are the prime factors of x?
2, 5
Let w(k) = 4*k**2 - k + 1 - 2*k**2 + 0 - k**2. List the prime factors of w(2).
3
Suppose -a = -6*a + 55. Let t = 6 - a. Let x = t - -11. What are the prime factors of x?
2, 3
Suppose 0 = -2*h - 2*h + 8. Suppose -h*m = -5*r - 16, -4*r = m - 29 + 8. What are the prime factors of m?
13
Let c be (2/(-4))/(2/(-4)). Let o be c*19 + 3 + -4. Let k = o + -7. List the prime factors of k.
11
Let c be (-1 - -5)*(-2)/(-4). Suppose -n = 3*o + c*o - 30, 25 = 5*n. Suppose o*s - 36 = s. What are the prime factors of s?
3
Let t(z) = 6*z + 8. Let o(i) = 2*i + 3. Let j(a) = -11*o(a) + 4*t(a). What are the prime factors of j(6)?
11
Suppose -5*w + y + 3*y + 150 = 0, -2*y + 112 = 3*w. What are the prime factors of w?
2, 17
Let b = 6 - 4. Suppose w - 19 = -b*a, -3*w - 5*a + 11 + 46 = 0. What are the prime factors of w?
19
Let m be 4/(-8) - (-23)/2. Let d(w) = w**2 - 9*w - 3. List the prime factors of d(m).
19
Let n be 228/5 - 2/(-5). Suppose s = -s + n. Suppose -2*d + s = -5*y, 7*y - 3*y = -5*d + 41. List the prime factors of d.
3
Let j = 16 - -44. Suppose -3*u = -0*u + j. List the prime factors of u/6*3*-1.
2, 5
Let q(s) = s**3 - s**2 + s + 1. Let r be q(0). Let l(k) = 11*k**2. What are the prime factors of l(r)?
11
Suppose 0 = -3*u - 2*p - 1 + 77, -p = -5*u + 118. What are the prime factors of u?
2, 3
Suppose 3*w - 7 = 26. What are the prime factors of w?
11
Let k = 12 + -7. Suppose k = x + 5*a, -2*x + 1 - 6 = 5*a. Let j(w) = w**2 + 9*w. What are the prime factors of j(x)?
2, 5
Suppose 4*z - 27 = -3*t, 3*t - 23 + 2 = -2*z. Let n(y) = -y**2 + 6*y + 3. List the prime factors of n(t).
2
Suppose 5*f = 10, -6*d - 5*f + 18 = -2*d. List the prime factors of d.
2
Let j(d) = -5*d**3 - 4*d - 1. List the prime factors of j(-3).
2, 73
Let y = 24 + 3. What are the prime factors of y?
3
Let l be (-2)/7 + 30/7. Suppose l*g - g = 39. What are the prime factors of g?
13
Suppose 7*a - 91 = 112. What are the prime factors of a?
29
Suppose -152 = -2*z - 18. Let h = -48 + z. Suppose -2*x + h = -5. What are the prime factors of x?
2, 3
Let f(o) = o**2 + 4. Let d be f(0). Suppose d*q - 8 - 28 = 0. List the prime factors of q.
3
Let m(j) = -3*j**3 - j + 16 + 2*j**3 + 2*j. What are the prime factors of m(0)?
2
Let q(s) = 32*s - 14. List the prime factors of q(4).
2, 3, 19
Suppose -5*u = -7*u + 40. List the prime factors of u.
2, 5
Suppose y - 2*y = -2. Suppose y*h - 18 = -4*n, -1 - 9 = -4*h + 5*n. What are the prime factors of h*(6/10 + 1)?
2
Let f(g) = g**2 - 5*g + 1. Suppose 0 = -0*p - 3*p + 18. Let c be f(p). Suppose 24 = 4*o - 4*a, 0 = o + o - 3*a - c. List the prime factors of o.
11
Let l(c) = -3*c + 37. What are the prime factors of l(9)?
2, 5
Let w(m) = -m + 1. Let i(r) = 2*r - 7. Let b(a) = i(a) + 4*w(a). What are the prime factors of b(-7)?
11
Suppose -48 = 4*d + 20. Let l = -10 - d. What are the prime factors of l?
7
Let c(d) = d**3 - 8 - d + 2 - 7*d**2 + 2. Let k be c(7). Let o = k - -21. List the prime factors of o.
2, 5
Let i(a) = a**2 + 4*a - 3. Let j = 15 - 21. List the prime factors of i(j).
3
Suppose 5*j - 224 + 67 = -3*s, 0 = 2*s + 3*j - 103. Suppose -2*m + s = -5*a, 4*m - 3*a = 3*m + 24. What are the prime factors of m?
2, 3
Let x(y) = -4 + 2 + 2*y**3 - 3*y**2 + 0*y**3 + 4*y - y**2. Let p(o) = o - 1. Let v be p(3). What are the prime factors of x(v)?
2, 3
Let l be 15/1*14/21. What are the prime factors of l/6 - 1/(-3)?
2
Let t(p) = p**2 - 2*p - 6. Let c be (3 - 8)*6/(-5). Let v be t(c). List the prime factors of (0 + 4)/(4/v).
2, 3
Suppose 0*a + 8 = 2*a. Suppose a*n - 36 = -2*v, 3*v + 3*n = 30 + 12. List the prime factors of v.
2, 5
Let c(p) = -5*p**3 + 2*p + 3. List the prime factors of c(-2).
3, 13
Let h = 5 - -18. List the prime factors of h.
23
Let h(q) = q**2 - 7*q + 8. Let m be h(7). Suppose -2*l = -4*p + p + m, -22 = -3*p - 5*l. What are the prime factors of p?
2
Let m = 46 - -10. List the prime factors of m.
2, 7
Let g = 5 - 3. Suppose r + 0*r + m - 19 = 0, 0 = -g*r - 4*m + 32. What are the prime factors of r?
2, 11
List the prime factors of (-3 + 8)*(-2 + 342/15).
2, 13
Let n(y) = -y**3 - y**2 - y - 6. Suppose -2*l = -t + 4, 5*t - 10 = -0*t + 5*l. Let f be n(t). Let j = f + 16. List the prime factors of j.
2, 5
Suppose 2*u = -3*p + 6*u + 131, 0 = p + 3*u - 48. List the prime factors of p.
3, 5
Let j = 3 + 0. Suppose -5*n - 5*m + 35 = 0, 3*n - 4*m = -j*m + 1. What are the prime factors of n?
2
List the prime factors of 3 + (-378 - -2)/(-4).
97
Suppose -2*o = -2*b - 0 - 44, 4*b + o = -98. Let s = b - -17. Let d = 16 + s. What are the prime factors of d?
3
Suppose -4 + 27 = c. Suppose -t + c = -7. What are the prime factors of t?
2, 3, 5
Suppose -2*d + 9 = -4*d - 3*r, 3*d = 4*r - 5. List the prime factors of d/(-3 - (-20)/7).
3, 7
Let d(a) = -a**3 - 14*a**2 - 13*a. Let p be d(-13). Suppose -2*g = m - 17, -m + p*g = g - 13. What are the prime factors of m?
3
Suppose 2*f + 2*f - 2*b - 16 = 0, f - 4*b = 18. Let n(k) = k**3 - 2*k + 2*k**2 - f*k**3 + 2*k**3. What are the prime factors of n(2)?
2, 3
Suppose -20*m = -13*m - 1442. List the prime factors of m.
2, 103
Let z = -135 - -235. What are the prime factors of z?
2, 5
Let a(c) = c**2 + 6*c + 8. Let y be a(6). Suppose -5*i = -x + 5*x - y, 2*i + 133 = 5*x. List the prime factors of x.
5
List the prime factors of (15/(-4))/((-14)/1008).
2, 3, 5
Let l be 14/35 - 8/(-5). Suppose 80 = 3*b + l*b. List the prime factors of b.
2
Let k = 2 + -1. Let v be 10/(k + 1 + 0). Suppose 2*w = v*w - 30. List the prime factors of w.
2, 5
List the prime factors of 0 + (-4*11)/(-1).
2, 11
Suppose 0*q - 164 = -4*x - q, 0 = -x - 5*q + 41. What are the prime factors of x?
41
Let j(c) = c. Let g be j(6). Let z(h) = -h**2 + 2*h + 5. Let v be z(4). Let o = v + g. What are the prime factors of o?
3
Let j(q) = -q**3 - 7*q**2 - 4*q + 4. Let d be j(-6). List the prime factors of (-200)/d + (1 - 3).
23
Let h(l) = -2*l + 6. Let b(p) = -3*p + 11. Let x(d) = 3*b(d) - 5*h(d). Let k be x(-3). Suppose 4*z - 20 = -k*z. What are the prime factors of z?
5
Suppose -65 = -w + 10. What are the prime factors of w?
3, 5
Let d(g) = -5*g - 9. What are the prime factors of d(-7)?
2, 13
Suppose -n - n = 3*d + 1, -3*n = 5*d. List the prime factors of d.
3
Suppose 8 - 20 = -4*m. Let d(p) = -p**2 + p + 2. 